76 = 0. Let k = n + -398. What are the prime factors of k?
271
Suppose 5*r + 2*a - 3 - 13 = 0, -4*r + a + 18 = 0. What are the prime factors of (10 + (-3 - r))*(-1266)/(-9)?
2, 211
Let k(j) = -102*j - 79. List the prime factors of k(-1).
23
List the prime factors of 4/50 - ((-458656)/550 - 16).
2, 5, 17
Suppose -16*f + 5*n - 4105 = -20*f, n = -2*f + 2051. Let c = -596 + f. What are the prime factors of c?
3, 11, 13
Let d be (6*1)/((-13 + 9)/(-2)). Suppose 15 = -6*p + 3*p, 3*j = d*p + 1260. List the prime factors of j.
5, 83
Suppose 5*i - 539 - 772 = -2*z, -2*z = -4*i - 1302. List the prime factors of z.
653
Suppose 4*y + 48 = 68. Suppose -y = 5*i, 0 = -5*l - 2*i + 1086 + 487. Let c = l + -205. What are the prime factors of c?
2, 5, 11
Suppose 39*k + 30 = 44*k, 0 = 5*f + 2*k - 37257. What are the prime factors of f?
3, 13, 191
Suppose 28615 = -2*k + 59987. What are the prime factors of k?
2, 11, 23, 31
Let p = 80 - -11519. What are the prime factors of p?
7, 1657
Suppose 0 = w - 5*w + 4, 5*k + 2*w = 62. Let o(u) = -u**2 + 12*u + 5. Let a be o(9). Let v = a - k. List the prime factors of v.
2, 5
Let w be -2 + 0 + 15 - (1 - -2). Suppose 5*t = w*t - 4*p - 60, 0 = -4*p + 20. List the prime factors of t.
2
Let o(g) = 1843*g - 2344. List the prime factors of o(10).
2, 3, 7, 383
Suppose 3*b = 5*b + 8. What are the prime factors of 28/(-8 - 6)*1338/b?
3, 223
Suppose 0 = 31*s - 18*s - 38867 - 904569. List the prime factors of s.
2, 18143
Let q = -760 + 1330. Suppose q = 134*v - 128*v. List the prime factors of v.
5, 19
Let b = 44 + -39. Suppose -b*l - 4*k = -k + 26, 0 = -k - 2. What are the prime factors of 1/l*-2*80?
2, 5
Let f = -862 + 1891. Suppose 2*p - f - 1052 = -5*l, -5*l + 5210 = 5*p. What are the prime factors of p?
7, 149
Let y = -486 + 508. What are the prime factors of (20 - y)/(-3 + 2) - -943?
3, 5, 7
Suppose -276*m - 5*n = -274*m - 52954, 5*n = -3*m + 79451. What are the prime factors of m?
26497
Let l(a) = 17*a + 236. Let c be (-15)/2*8/(-3). List the prime factors of l(c).
2, 3
Let n be 2/9 - ((-101)/(-9) + -2). Let u(p) = p**3 + 8*p**2 + 10*p + 4. Let z be u(n). Let v = 260 + z. List the prime factors of v.
3, 31
Let h(t) = -t + 10. Let q be h(-9). Suppose -148*j + 23*j + 3500 = 0. Let f = j - q. List the prime factors of f.
3
Let q be 70/14*4/(4/(-19)). What are the prime factors of 266/q*(826/(-4) - 1)?
7, 83
Let m(n) = 2*n + 9. Let i be m(-10). Suppose 0 = -4*x - 0*x - 40. What are the prime factors of i/((x/(-12))/(-5))?
2, 3, 11
List the prime factors of ((-75)/(-10))/(45/9060).
2, 5, 151
Suppose -5*h - 3*y - 391 - 104 = 0, -5 = y. List the prime factors of 1 - (h/(-128) - (-2198)/(-8)).
5, 11
Suppose 42*a + 45 = 171. Suppose 5*j = 10, -3*j = a*k + 161 - 3284. List the prime factors of k.
1039
Suppose w - g = -3, -5*w - 12 + 37 = 3*g. Suppose -5*i = w*i - 9968. List the prime factors of i.
2, 89
Suppose -4*j - 20 = 0, 3*b + 550 = 7*j - 3*j. Let m = -189 + b. Let i = m - -670. What are the prime factors of i?
3, 97
Let h(k) = 4*k - 60. Let n be h(30). List the prime factors of 159/(378/n - 6).
2, 5, 53
Let t(f) = -54*f - 10. Let m(p) = 4*p**2 - 9*p - 8. Let d(x) = -x**2 + x + 1. Let c(o) = 5*d(o) + m(o). Let u be c(-4). List the prime factors of t(u).
2, 19
Suppose 5*b - 13 - 2 = 0, 2*z = -b + 109. Let h = -48 + z. Suppose h*l - 214 = -19. List the prime factors of l.
3, 13
Let l be (-3)/(-5) + (-1430)/50. Let k = 22 - l. What are the prime factors of k?
2, 5
Let k(t) = 307*t - 537. List the prime factors of k(73).
2, 10937
Let h(c) = 5*c**2 - 228*c - 817. What are the prime factors of h(62)?
17, 251
Let t(g) = -g**2 + 13*g + 19. Let m be t(14). Suppose w + c - m*c = 181, -3*w + 479 = 4*c. List the prime factors of w.
3, 5, 11
Let j(l) be the first derivative of -12*l**2 - 29*l + 3. Let f = 723 + -730. What are the prime factors of j(f)?
139
Let s(o) = -3*o - 49 + 97 - 31. Let f be s(5). Suppose 4*t + 3*w - 110 = 21, -f*w - 77 = -3*t. List the prime factors of t.
29
Let q be (5 - 2 - 1) + 47. Let y be 3718/26 + 2 + 1. Let c = q + y. What are the prime factors of c?
3, 5, 13
Let v(k) = -k**3 - 14*k**2 - 13*k + 5. Let n be v(-13). What are the prime factors of -7 - 7056/(n - 11)?
7, 167
Suppose 110783 + 63040 = 186*y - 33939. List the prime factors of y.
1117
Let y = 298 + -293. Suppose 157 = i + y*l - 2*l, 2*l = 5*i - 717. What are the prime factors of i?
5, 29
Let m = -15 - -42. Suppose -m*n + 62 = -26*n. What are the prime factors of n?
2, 31
Suppose 4*f - 4*s = 224, -3*f - 6*s = -2*s - 168. Let v = 1100 + f. List the prime factors of v.
2, 17
Let t(u) = -90428*u + 390. List the prime factors of t(-1).
2, 7, 13, 499
Let v(x) = x**3 + 9*x**2 - 13*x - 33. Let c be v(-10). List the prime factors of ((-14)/(-7) - -1054) + (0 - c).
3, 353
Let d be ((-16767)/36)/3 - (-1)/4. Let w = 282 + d. List the prime factors of w.
127
Suppose -3*z + 5 + 2 = 4*u, 5*z = 5*u. Suppose 3*j + 3*b = z - 4, -2*b + 10 = 0. What are the prime factors of 4/j + (-262)/(-6)?
43
Let a be (2/4)/((-2)/(-268)). Let u = -65 + a. Suppose 20 = 5*f, -2*o + u*f = 7*f - 162. List the prime factors of o.
71
Suppose 0 = -5*x + 385*t - 381*t + 244899, 0 = x + 4*t - 48975. List the prime factors of x.
7, 6997
Let f(z) = 25*z**2 - 13*z - 71. Suppose -5*c + 37 = -5*x - c, -4*x = -c + 23. What are the prime factors of f(x)?
619
Let y = 902 - 296. Suppose 4*f - 2438 = 2*o, -y = -f - 4*o + o. List the prime factors of f.
3, 7, 29
Let g(s) = -193*s + 2420. What are the prime factors of g(-32)?
2, 7, 307
Let q(b) = -b**2 - 8*b. Let w be q(-5). Suppose -18625 = -40*d + w*d. What are the prime factors of d?
5, 149
Let c(r) = r**3 + 3*r**2 - 4*r + 28424. Let z be c(0). Suppose 13*l + 6*l - z = 0. What are the prime factors of l?
2, 11, 17
Suppose -q + 296 = 48. Suppose -y + 3*u + q = 0, 4*y - 1093 = 3*u - 65. Suppose -y = -3*x + x. List the prime factors of x.
2, 5, 13
Let s(t) = t**3 + 119*t**2 + 20*t + 548. List the prime factors of s(-114).
2, 59, 67
Let u = 106 - 349. Let n = 1374 + u. What are the prime factors of n?
3, 13, 29
Let w(g) = g**3 + 79*g**2 + 32*g - 287. List the prime factors of w(-78).
3301
Suppose -5*l = -p - 27, -3*l + 15 = -4*p - 8. Let j(u) be the second derivative of u**5/20 + u**3/2 - 5*u**2/2 + 52*u. List the prime factors of j(l).
3, 5
Let y be 0/((7/(-7))/(0 - -1)). Suppose -5*q = 3*p - 1441, 0 = -5*p - y*q - q + 2387. List the prime factors of p.
3, 53
Let s be (42/5 - -2) + 2/(-5). What are the prime factors of (552/s)/(3/15)?
2, 3, 23
What are the prime factors of 9/(-60)*(-30)/12 + 157625/40?
7, 563
Suppose 4*x = -d + 93, -6*d = 5*x - d - 105. Suppose -4*w - x = r, 4*w = -4*r + 2*w - 26. List the prime factors of 82 + (0/(-2) - 8/r).
2, 3, 7
Suppose -11*s + 14*s - 15 = 0, -3*s + 15 = -3*h. What are the prime factors of (h - -1)/(15 - (-94864)/(-6325))?
5, 23
Suppose -2*r + 5*r - 52 = -2*t, -2*r = 5*t - 20. Suppose 7*f = -3*g + 2*f + 7, 1 = -f. Suppose g*u + u = r. What are the prime factors of u?
2
Let a(b) = b**2 + 5*b - 7. Let g be a(4). Suppose -g*c + 5364 = -11*c. List the prime factors of c.
2, 149
Suppose -16*y + 54 = 2*y. Suppose -y*c - 5*c = -168. List the prime factors of c.
3, 7
Suppose 0 = -2*i + 6, 7*z - 2*z - 41 = 3*i. Suppose 2*v = -z, f - 435 = v + 52. List the prime factors of f.
2, 241
Let p be (-40)/(-260) - 2199/13. Let g be -2*-1*1 - (58 + 14). Let f = g - p. What are the prime factors of f?
3, 11
Suppose -3*j = -5*r - 422 - 36, 2*j - 302 = 4*r. Suppose -t = -2*s + 12, 0 = 5*s + 4*t - 23 - 20. Suppose -s = -3*l + j. List the prime factors of l.
2, 7
Let i = 498 + -496. What are the prime factors of (3 - (-1485)/i) + (-2)/(-4)?
2, 373
Suppose 62*m - 1532139 = 975823. List the prime factors of m.
19, 2129
Let g = 6995 + 1088. List the prime factors of g.
59, 137
Let d be 5/(25/(-15)) - (-4 - 1). Suppose -36*u = -d*u - 35904. List the prime factors of u.
2, 3, 11
Let j(i) = -3*i - 72. Let s be j(-24). Suppose 3*d - 17*d + 4214 = s. What are the prime factors of d?
7, 43
Let d = 1389 + -919. Let n = d - 138. List the prime factors of n.
2, 83
Let r(w) be the third derivative of w**5/6 - w**4/12 + w**3/3 + 6*w**2. Let v be r(1). Suppose -286 = -v*j + 304. List the prime factors of j.
59
Suppose -q + 161 = -39. Suppose -q = -10*o + 9*o